, -27 = -0*u + 5*u + 4*w. Calculate the remainder when (-1 - (-3 + 3))*-7 is divided by (u/2)/(4/(-8)).
1
Let n(v) = -6*v + 2. Let j be n(-3). Suppose j = -2*o + 4*o. Suppose -5*k = -20, -o - 17 = -5*r - 3*k. What is the remainder when 8 is divided by r?
2
Let r = 14 - 11. Let g = -2 - -8. Let y(l) = l**3 - 6*l**2 + 2*l - 9. Calculate the remainder when r is divided by y(g).
0
Calculate the remainder when 102 is divided by (-14)/(1 - (-28)/(-20)).
32
Let f(s) = s + 10. Calculate the remainder when 58 is divided by f(11).
16
What is the remainder when 27 is divided by (3/(-6))/((-3)/42)?
6
Let g(c) = -c - 1. Calculate the remainder when g(-11) is divided by 6.
4
Let u be (-2)/(-6)*3 + 147. Let y = u + -96. Suppose 0 = 3*p - p - y. What is the remainder when p is divided by 9?
8
Suppose -11 - 37 = -4*v. Calculate the remainder when v is divided by 7.
5
Let k(w) = w**2 + 9*w + 10. Let s be k(-8). Suppose 0 = -s*q - 2*q. Suppose q = -7*f + 4*f + 24. Calculate the remainder when f is divided by 5.
3
Suppose 0 = 2*t - 9 - 3. What is the remainder when (0 - (-39)/3) + -3 is divided by t?
4
Let g = 19 - -6. What is the remainder when (-7)/(0 + 1/(-7)) is divided by g?
24
Let s = 23 + -16. Suppose 61 = v - 34. Suppose a = -4*a + v. What is the remainder when a is divided by s?
5
Let g = -2 + 8. What is the remainder when g is divided by 5?
1
Let g(v) = 2*v**2 - v - 1. Let a be g(-1). Suppose 53 = a*c + 3. What is the remainder when c is divided by 7?
4
Suppose -18 = -u + 12. Let y(m) = m**3 + 13*m**2 + 16. Calculate the remainder when u is divided by y(-13).
14
Let s be (-2)/(-6) - 328/(-24). Suppose 3*t + s = g, 2*g - t = 8 - 0. Suppose 56 = g*l - 26. Calculate the remainder when l is divided by 14.
13
Suppose -118 = -6*s - 28. Calculate the remainder when 44 is divided by s.
14
Let j(x) = x**2 + 7*x + 12. Calculate the remainder when 5 is divided by j(-5).
1
Let b(s) = -s**3 - s**2 - 2*s. Let j = 2 - 5. Let g be b(j). Suppose 0 = -t - 4*r - 3 + 11, 0 = -3*t + 5*r + g. Calculate the remainder when 22 is divided by t.
6
Let m = -1 - -3. Suppose -2*d + 14 = m*o + 2*o, 1 = -o. Suppose 110 = 5*s - 5*v, 0*v = -5*s + 3*v + 100. Calculate the remainder when s is divided by d.
8
Suppose 3 = 2*s - 1. Suppose 0*j - 80 = -s*j. What is the remainder when j is divided by 14?
12
Let x be 3/(-12) + (-9)/(-4). Suppose -x = -2*t + 2. What is the remainder when 7 is divided by t?
1
Suppose -39 = 19*t - 22*t. Calculate the remainder when t is divided by 3.
1
Suppose 0 = -g - 4*p + 2, -3*g + 8*g = -4*p + 42. What is the remainder when 37 is divided by g?
7
Suppose -4*z - 2 = -222. Suppose 0 = b - z + 8. Suppose -5*l + 5*t + 65 = 0, -4*t = 3*l - 13 - 47. What is the remainder when b is divided by l?
15
Let x(w) = -w**3 + 6*w**2 - 7*w + 6. Let u be x(5). Let o(p) = -p**2 - 10*p - 2. What is the remainder when o(u) is divided by 8?
6
Let o(b) be the third derivative of -b**4/4 - b**3/6 - 3*b**2. Let t = -3 - 0. What is the remainder when 33 is divided by o(t)?
16
Suppose 39 + 3 = 2*b. Suppose b = -4*p + 65. Calculate the remainder when 30 is divided by p.
8
Suppose -42 = -4*r + 38. Let t(j) = -j**2 + 8*j - 5. Let n be t(7). Suppose -6*f + n*f = -156. Calculate the remainder when f is divided by r.
19
Suppose -4*o = 4, m + 0*o - 5*o = 16. Let j(z) = z**3 + 4*z**2 - 2. What is the remainder when m is divided by j(-3)?
4
Suppose -5*p = 5*o - 2*p - 118, -4*o + 2*p + 90 = 0. Calculate the remainder when o is divided by 7.
2
Let h(a) = a**2 + a - 1. Let n be h(2). Let g(l) = l**3 - 3*l**2 - 5*l - 3. What is the remainder when g(n) is divided by 12?
10
Suppose 5*v - 24 = -b, -2*b + 50 = 2*b - 3*v. What is the remainder when 328/6 + 2/6 is divided by b?
13
Suppose 4 = 3*h - 4*h, 2*z - 6 = h. Let w = -38 - -54. Let s = w + z. Calculate the remainder when 67 is divided by s.
16
Suppose 17*j = 4*j + 65. What is the remainder when 109 is divided by j?
4
Let q(k) = k**2 + 23*k - 29. Calculate the remainder when 79 is divided by q(-25).
16
Let h = -24 + 47. Let z = -6 - -12. What is the remainder when h is divided by z?
5
What is the remainder when (-2)/((-1)/(-29)*-2) is divided by 2/10 + 39/5?
5
Let c = -14 + 37. Let t(l) = -l**2 + 7*l - 7. Let i be t(7). Let b = i + 15. What is the remainder when c is divided by b?
7
Let n(u) = 9*u - 5. What is the remainder when n(6) is divided by 26?
23
What is the remainder when 106 is divided by 4/(-8) - 3/(-6)*73?
34
Suppose -7*l + 10*l = 48. Suppose 0 = g - 0 + 4. Calculate the remainder when l is divided by (-39)/(-6) + 2/g.
4
Calculate the remainder when (-5 - (-483)/(-35))/((-1)/5) is divided by 19.
18
Let t(m) = -m**3 + 3*m + 1. Let i = 17 - 9. Calculate the remainder when i is divided by t(-2).
2
Let z be ((-16)/(-6))/(3/9). Suppose 0 = 3*o + 5*x - 26, 7*o - 4*o = -4*x + 28. What is the remainder when 366/z - (-3)/12 is divided by o?
10
Suppose 46*u + 96 = 49*u. Calculate the remainder when u is divided by 7.
4
Let x(h) = -3*h**2 + 7*h - 39. Let z(c) = -2*c**2 + 5*c - 26. Let n(j) = -5*x(j) + 7*z(j). Calculate the remainder when 24 is divided by n(0).
11
Let o(l) = -l**2 + l - 9. Let n be o(0). Let f = 2 - n. Calculate the remainder when 31 is divided by f.
9
Suppose 3*m = -3*b, 3*b + b = -5*m + 4. Suppose 3*c - 2*c + 3*y + 10 = 0, -50 = -5*c + 5*y. Calculate the remainder when (b/4)/(2/(-18)) is divided by c.
4
Let t = 41 - 29. Let u(y) = -9*y + 11. Calculate the remainder when u(-4) is divided by t.
11
Let k(z) = 9*z**3 - z**2 + 2*z - 1. Let r(s) = -s - 10. Let o be r(-11). What is the remainder when 33 is divided by k(o)?
6
Let m(i) = 2*i**3 - 6*i**2 - 5*i - 8. What is the remainder when m(5) is divided by 35?
32
Let r = 6 - 2. Suppose r = g + g + l, 3*l - 9 = -5*g. Calculate the remainder when 5 is divided by g.
2
Let u(g) = -6*g - 6*g + 2 - 4*g**2 - 3*g**2 - g**3 - 4*g**2. Calculate the remainder when 85 is divided by u(-10).
19
Let b = 75 + 56. Calculate the remainder when b is divided by 44.
43
Let t(g) = 2*g**3 - 5*g**2 + 4*g + 2. What is the remainder when ((-46)/(-3))/(4/6) is divided by t(2)?
5
Suppose -j - 15 = -m, -3*j + 13 = 3*m - 14. Calculate the remainder when 58 is divided by m.
10
Let y be (-2)/7 + 96/42. Suppose s = y*s - 12. Let t = s + -3. What is the remainder when 16 is divided by t?
7
Let p = -65 - -106. What is the remainder when p is divided by 22?
19
Let d = -186 - -270. Calculate the remainder when d is divided by 6/(-14) - 412/(-14).
26
Let h(k) = -k + 4. Let z(d) = 1. Let o(w) = -h(w) + 4*z(w). Let x be o(1). Let t(c) = 13*c. What is the remainder when t(x) is divided by 5?
3
Suppose -5*v - 4*y = -59, -2*v + y = -v - 10. Let p(f) = -f**3 - 4*f**2 + 5*f + 3. What is the remainder when v is divided by p(-5)?
2
Let w(x) = -4*x + 23. What is the remainder when 112 is divided by w(0)?
20
Let a(n) = n**2 + n. Let s be a(1). Let v(z) = z**2 - 2*z + 2. Let u be v(s). Calculate the remainder when 14 is divided by (-3)/u*(-16)/3.
6
Let j(i) = i + 11. Let z(a) = -a**2 + 5*a - 3. Let v be z(3). Suppose -v*x + 4*x - 3 = 0. What is the remainder when j(-6) is divided by x?
2
Let r(u) = -4*u**3 + u**2 - 2*u - 3. Let k be r(-2). Let o = k - 13. What is the remainder when o is divided by 7?
3
Let k(n) = 10*n**2 + 2*n - 1. Let d(v) = 10*v**2 + 4*v. Calculate the remainder when d(3) is divided by k(-2).
32
Let g = -127 + 140. What is the remainder when g is divided by (6 + -2)/2 - -2?
1
Let t = 4 - 3. Let m be -2 - (-1 + t) - 2. Calculate the remainder when ((-2)/m)/(2/28) is divided by 4.
3
Suppose w + 3*y - 34 = 0, -w - 23 = -3*w + 3*y. Let a(f) = -f**2 - 8*f + 7. Let z be a(-8). Let k = 0 + z. What is the remainder when w is divided by k?
5
Suppose 4*l - 24 = 40. What is the remainder when 63 is divided by l?
15
Let c = 26 + 10. Calculate the remainder when 69 is divided by c.
33
Suppose 2*g = 5*v + 11 + 14, -v = 2*g - 31. What is the remainder when 74 is divided by g?
14
Let s(l) = -4*l - 4. Let c = 1 + 1. Suppose c*v = -0*v + 92. Calculate the remainder when v is divided by s(-5).
14
Let i(r) = 7*r + 4. Calculate the remainder when i(4) is divided by 17.
15
Let l be ((-392)/42)/(2/(-15)). Suppose 0*y - l = -5*y. What is the remainder when 27 is divided by y?
13
Suppose 0 = 5*m + 5*c - c - 23, -5*m = -4*c - 7. Let x = 5